{"id":1428,"date":"2024-03-24T11:16:58","date_gmt":"2024-03-24T10:16:58","guid":{"rendered":"https:\/\/hautesalpes-athletisme.fr\/?page_id=1428"},"modified":"2025-01-05T17:23:16","modified_gmt":"2025-01-05T16:23:16","slug":"athle-trail-club-en-argentierois","status":"publish","type":"page","link":"https:\/\/hautesalpes-athletisme.fr\/?page_id=1428","title":{"rendered":"ATHLE TRAIL EN ARGENTIEROIS"},"content":{"rendered":"\n<figure class=\"wp-block-image size-large is-resized\"><img loading=\"lazy\" decoding=\"async\" width=\"1024\" height=\"676\" src=\"https:\/\/hautesalpes-athletisme.fr\/wp-content\/uploads\/2024\/03\/Athle-Trail-Argentierois-logo-1024x676.jpg\" alt=\"\" class=\"wp-image-1429\" style=\"width:412px;height:auto\" srcset=\"https:\/\/hautesalpes-athletisme.fr\/wp-content\/uploads\/2024\/03\/Athle-Trail-Argentierois-logo-1024x676.jpg 1024w, https:\/\/hautesalpes-athletisme.fr\/wp-content\/uploads\/2024\/03\/Athle-Trail-Argentierois-logo-300x198.jpg 300w, https:\/\/hautesalpes-athletisme.fr\/wp-content\/uploads\/2024\/03\/Athle-Trail-Argentierois-logo-768x507.jpg 768w, https:\/\/hautesalpes-athletisme.fr\/wp-content\/uploads\/2024\/03\/Athle-Trail-Argentierois-logo.jpg 1425w\" sizes=\"auto, (max-width: 767px) 89vw, (max-width: 1000px) 54vw, (max-width: 1071px) 543px, 580px\" \/><\/figure>\n\n\n\n<p>&nbsp;<\/p>\n\n\n\n<p><strong>Pr\u00e9sident<\/strong>&nbsp;:&nbsp;Maxime Rancon<\/p>\n\n\n\n<p><strong>Vice Pr\u00e9sident<\/strong>. : Michel Bigoni<\/p>\n\n\n\n<p>&nbsp;<strong>Secr\u00e9taire<\/strong>&nbsp;:  Fatiha Boutchacha<\/p>\n\n\n\n<p><strong>Tr\u00e9sorier<\/strong> : Doroth\u00e9e Potier&nbsp;<\/p>\n\n\n\n<p>&nbsp;<strong>Contact<\/strong> : Maxime Rancon t\u00e9l. : <strong>06 69 08 44 94<\/strong><\/p>\n\n\n\n<p>Mail : <a href=\"mailto:athletrail@gmail.com\" target=\"_blank\" rel=\"noreferrer noopener\"><strong><em>athletrail@gmail.com<\/em><\/strong><\/a><\/p>\n\n\n\n<p>Page Facebook : <strong><em>athl\u00e9trail en argenti\u00e9rois<\/em><\/strong><\/p>\n\n\n\n<p><\/p>\n","protected":false},"excerpt":{"rendered":"<p>&nbsp; Pr\u00e9sident&nbsp;:&nbsp;Maxime Rancon Vice Pr\u00e9sident. : Michel Bigoni &nbsp;Secr\u00e9taire&nbsp;: Fatiha Boutchacha Tr\u00e9sorier : Doroth\u00e9e Potier&nbsp; &nbsp;Contact : Maxime Rancon t\u00e9l. : 06 69 08 44 94 Mail : athletrail@gmail.com Page Facebook : athl\u00e9trail en argenti\u00e9rois<\/p>\n","protected":false},"author":1,"featured_media":0,"parent":0,"menu_order":0,"comment_status":"closed","ping_status":"closed","template":"","meta":{"footnotes":""},"class_list":["post-1428","page","type-page","status-publish","hentry"],"_links":{"self":[{"href":"https:\/\/hautesalpes-athletisme.fr\/index.php?rest_route=\/wp\/v2\/pages\/1428","targetHints":{"allow":["GET"]}}],"collection":[{"href":"https:\/\/hautesalpes-athletisme.fr\/index.php?rest_route=\/wp\/v2\/pages"}],"about":[{"href":"https:\/\/hautesalpes-athletisme.fr\/index.php?rest_route=\/wp\/v2\/types\/page"}],"author":[{"embeddable":true,"href":"https:\/\/hautesalpes-athletisme.fr\/index.php?rest_route=\/wp\/v2\/users\/1"}],"replies":[{"embeddable":true,"href":"https:\/\/hautesalpes-athletisme.fr\/index.php?rest_route=%2Fwp%2Fv2%2Fcomments&post=1428"}],"version-history":[{"count":7,"href":"https:\/\/hautesalpes-athletisme.fr\/index.php?rest_route=\/wp\/v2\/pages\/1428\/revisions"}],"predecessor-version":[{"id":1833,"href":"https:\/\/hautesalpes-athletisme.fr\/index.php?rest_route=\/wp\/v2\/pages\/1428\/revisions\/1833"}],"wp:attachment":[{"href":"https:\/\/hautesalpes-athletisme.fr\/index.php?rest_route=%2Fwp%2Fv2%2Fmedia&parent=1428"}],"curies":[{"name":"wp","href":"https:\/\/api.w.org\/{rel}","templated":true}]}}