{"id":76,"date":"2022-01-06T16:52:27","date_gmt":"2022-01-06T15:52:27","guid":{"rendered":"http:\/\/hautesalpes-athletisme.fr\/?page_id=76"},"modified":"2025-02-03T11:10:13","modified_gmt":"2025-02-03T10:10:13","slug":"gap-hautes-alpes-athletisme","status":"publish","type":"page","link":"https:\/\/hautesalpes-athletisme.fr\/?page_id=76","title":{"rendered":"GAP HAUTES ALPES ATHLETISME"},"content":{"rendered":"\n<h2 class=\"wp-block-heading\">Le \u00ab\u00a0Club Ma\u00eetre\u00a0\u00bb<\/h2>\n\n\n<div class=\"wp-block-image\">\n<figure class=\"aligncenter size-large is-resized\"><img loading=\"lazy\" decoding=\"async\" width=\"1024\" height=\"447\" src=\"https:\/\/hautesalpes-athletisme.fr\/wp-content\/uploads\/2022\/01\/logo_GH2A-1024x447.jpg\" alt=\"\" class=\"wp-image-96\" style=\"width:424px;height:185px\" srcset=\"https:\/\/hautesalpes-athletisme.fr\/wp-content\/uploads\/2022\/01\/logo_GH2A-1024x447.jpg 1024w, https:\/\/hautesalpes-athletisme.fr\/wp-content\/uploads\/2022\/01\/logo_GH2A-300x131.jpg 300w, https:\/\/hautesalpes-athletisme.fr\/wp-content\/uploads\/2022\/01\/logo_GH2A-768x335.jpg 768w, https:\/\/hautesalpes-athletisme.fr\/wp-content\/uploads\/2022\/01\/logo_GH2A.jpg 1286w\" sizes=\"auto, (max-width: 767px) 89vw, (max-width: 1000px) 54vw, (max-width: 1071px) 543px, 580px\" \/><\/figure>\n<\/div>\n\n\n<p>Adresse : <strong>Stade Paul GIVAUDAN<\/strong>, 1, rue du Stade, 05000 Gap<\/p>\n\n\n\n<p>Pr\u00e9sident : <strong>Lucas PEREZ<\/strong><\/p>\n\n\n\n<p>Secr\u00e9taire :<strong> Marie-Anne FOUBERT<\/strong><\/p>\n\n\n\n<p>Tr\u00e9sorier :<strong> Lionel REMY<\/strong><\/p>\n\n\n\n<h2 class=\"wp-block-heading\">Equipe technique :<\/h2>\n\n\n\n<p><strong>Lucas LECOMTE<\/strong> : T\u00e9l. : <strong>06 23 97 90 01<\/strong> <\/p>\n\n\n\n<p>email :<em><strong> <a href=\"mailto:lucas.lecomte@laposte.net\">lucas.lecomte@laposte.net<\/a><\/strong><\/em><\/p>\n\n\n\n<p><strong>Franck ROLLAND<\/strong> t\u00e9l.: <strong>06 33 25 90 10<\/strong>, <\/p>\n\n\n\n<p><strong>R\u00e9mi HACHULLA<\/strong> :<\/p>\n\n\n\n<p>email : <a href=\"mailto:remi.hachulla@gmail.com\"><em><strong>remi.hachulla@gmail.com<\/strong><\/em><\/a>,<\/p>\n\n\n\n<p>Site Internet : <a href=\"http:\/\/gh2a.athle.com\/\"><strong>gh2Aa.athle.com<\/strong><\/a><\/p>\n\n\n\n<p>email :<a href=\"ghaa05@yahoo.fr\" data-type=\"URL\" data-id=\"ghaa05@yahoo.fr\"><strong> ghaa05@yahoo.fr<\/strong><\/a><\/p>\n\n\n\n<p>t\u00e9l. : <strong>06 79 14 71 92<\/strong><\/p>\n\n\n\n<p> <\/p>\n","protected":false},"excerpt":{"rendered":"<p>Le \u00ab\u00a0Club Ma\u00eetre\u00a0\u00bb Adresse : Stade Paul GIVAUDAN, 1, rue du Stade, 05000 Gap Pr\u00e9sident : Lucas PEREZ Secr\u00e9taire : Marie-Anne FOUBERT Tr\u00e9sorier : Lionel REMY Equipe technique : Lucas LECOMTE : T\u00e9l. : 06 23 97 90 01 email : lucas.lecomte@laposte.net Franck ROLLAND t\u00e9l.: 06 33 25 90 10, R\u00e9mi HACHULLA : email : &hellip; <\/p>\n<p class=\"link-more\"><a href=\"https:\/\/hautesalpes-athletisme.fr\/?page_id=76\" class=\"more-link\">Continuer la lecture<span class=\"screen-reader-text\"> de &laquo;&nbsp;GAP HAUTES ALPES ATHLETISME&nbsp;&raquo;<\/span><\/a><\/p>\n","protected":false},"author":5,"featured_media":0,"parent":0,"menu_order":0,"comment_status":"closed","ping_status":"closed","template":"","meta":{"footnotes":""},"class_list":["post-76","page","type-page","status-publish","hentry"],"_links":{"self":[{"href":"https:\/\/hautesalpes-athletisme.fr\/index.php?rest_route=\/wp\/v2\/pages\/76","targetHints":{"allow":["GET"]}}],"collection":[{"href":"https:\/\/hautesalpes-athletisme.fr\/index.php?rest_route=\/wp\/v2\/pages"}],"about":[{"href":"https:\/\/hautesalpes-athletisme.fr\/index.php?rest_route=\/wp\/v2\/types\/page"}],"author":[{"embeddable":true,"href":"https:\/\/hautesalpes-athletisme.fr\/index.php?rest_route=\/wp\/v2\/users\/5"}],"replies":[{"embeddable":true,"href":"https:\/\/hautesalpes-athletisme.fr\/index.php?rest_route=%2Fwp%2Fv2%2Fcomments&post=76"}],"version-history":[{"count":18,"href":"https:\/\/hautesalpes-athletisme.fr\/index.php?rest_route=\/wp\/v2\/pages\/76\/revisions"}],"predecessor-version":[{"id":1987,"href":"https:\/\/hautesalpes-athletisme.fr\/index.php?rest_route=\/wp\/v2\/pages\/76\/revisions\/1987"}],"wp:attachment":[{"href":"https:\/\/hautesalpes-athletisme.fr\/index.php?rest_route=%2Fwp%2Fv2%2Fmedia&parent=76"}],"curies":[{"name":"wp","href":"https:\/\/api.w.org\/{rel}","templated":true}]}}