{"id":84,"date":"2022-01-06T16:55:48","date_gmt":"2022-01-06T15:55:48","guid":{"rendered":"http:\/\/hautesalpes-athletisme.fr\/?page_id=84"},"modified":"2025-02-04T11:01:19","modified_gmt":"2025-02-04T10:01:19","slug":"a-c-embrun","status":"publish","type":"page","link":"https:\/\/hautesalpes-athletisme.fr\/?page_id=84","title":{"rendered":"EMBRUNAIS ATHLETIC CLUB"},"content":{"rendered":"<div class=\"wp-block-image\">\n<figure class=\"aligncenter is-resized\"><img decoding=\"async\" src=\"https:\/\/site.assoconnect.com\/services\/storage?id=1520440&amp;type=picture&amp;secret=lBhvbvTQ8J3PAMtB76Zh2Ezqr07osyRubj390TIE&amp;timestamp=1618223777\" alt=\"\" style=\"width:191px;height:270px\"\/><\/figure>\n<\/div>\n\n\n<h2 class=\"wp-block-heading\">Contacts :<\/h2>\n\n\n\n<p>Pr\u00e9sident : <strong>Emmanuelle  CEARD<\/strong>\u00a0 T\u00e9l. : <strong>06 10 85 84 90<\/strong><\/p>\n\n\n\n<p>email : <strong>&nbsp;<a href=\"mailto:athle.embrun@gmail.com\" target=\"_blank\" rel=\"noreferrer noopener\"><em>athle.embrun@gmail.com<\/em><\/a><\/strong><\/p>\n\n\n\n<p>Secr\u00e9taire : <strong>Corentin IDELON<\/strong> t\u00e9l. :<strong> 06 84 98 55 73<\/strong>, <\/p>\n\n\n\n<p>email :<em><strong> <a href=\"mailto:idelon.genea@gmail.com\">idelon.genea@gmail.com<\/a><\/strong><\/em><\/p>\n\n\n\n<p>Tr\u00e9sori\u00e8re : <strong>Tchourila STRBA<\/strong> T\u00e9l. :<strong> 06 74 88 76 15<\/strong>, <\/p>\n\n\n\n<p>email : <strong><em><a href=\"mailto:tchourila@gmail.com\">tchourila@gmail.com<\/a><\/em><\/strong><\/p>\n\n\n\n<p>mail du club : <strong><a href=\"mailto:athle.embrun@gmail.com\">athle.embrun@gmail.com<\/a><\/strong><\/p>\n\n\n\n<p>Autres contacts :<\/p>\n\n\n\n<p><strong>Bernard FAURE<\/strong> t\u00e9l. :<strong> 06 70 69 19 63<\/strong>, <\/p>\n\n\n\n<p>email : <strong><em><a href=\"mailto:bernard.faure05200@wanadoo.fr\">bernard.faure05200@wanadoo.fr<\/a><\/em><\/strong><\/p>\n\n\n\n<p><strong>Bertrand MEDUL<\/strong> t\u00e9l. :<strong> 07 78 82 10 00<\/strong>, <\/p>\n\n\n\n<p>email : <strong><em><a href=\"bertrand.medul@gmail.com\" data-type=\"URL\" data-id=\"bertrand.medul@gmail.com\">bertrand.medulgmail.com<\/a><\/em><\/strong><\/p>\n\n\n\n<p>Facebook : <a href=\"https:\/\/www.facebook.com\/Embrunais-Athl%C3%A9tique-Club-EAC-910693102350445\/\"><strong>Embrunais Athl\u00e9tique Club<\/strong><\/a><\/p>\n\n\n\n<p>Site Internet : <a href=\"https:\/\/eac-embrun.blogspot.com\/\"><strong>eac-embrun.blogspot.com<\/strong><\/a><\/p>\n\n\n\n<h2 class=\"wp-block-heading\" id=\"cc-m-header-11353948593\">Coordonn\u00e9es des entraineurs :&nbsp;&nbsp;<\/h2>\n\n\n\n<h4 class=\"wp-block-heading\"><strong>JACQUES PIERRECY<\/strong>&nbsp;&nbsp;&nbsp;&nbsp;Trail Route Piste &nbsp;&nbsp; 06 41 81 26 56<\/h4>\n\n\n\n<h4 class=\"wp-block-heading\"><strong>BERNARD FAURE&nbsp;&nbsp;Benjamins cadets minimes juniors&nbsp; &nbsp;06 70 69 19 63<\/strong><\/h4>\n\n\n\n<p><strong>GUEDON GABIN&nbsp; cadets juniors 06 38 62 81 33&nbsp; &nbsp; &nbsp; &nbsp; &nbsp;<\/strong><\/p>\n\n\n\n<h4 class=\"wp-block-heading\"><strong>CHRISTIAN MARTIN&nbsp;&nbsp; adultes route pistes&nbsp;&nbsp; 06 60 03 14 44&nbsp;<\/strong><\/h4>\n\n\n\n<p><strong>FRED MAUPAS&nbsp;<\/strong> &nbsp; Ecole Athl\u00e9, Poussins&nbsp; &nbsp; &nbsp;<strong>06 77 89 69<\/strong>&nbsp; &nbsp; &nbsp; &nbsp; &nbsp; &nbsp; &nbsp; &nbsp; &nbsp; &nbsp; &nbsp; &nbsp; &nbsp; &nbsp; &nbsp; &nbsp; &nbsp; &nbsp; &nbsp; <strong>EMMANUELLE&nbsp;CEARD<\/strong> EcoleAthl\u00e9, Poussins&nbsp; &nbsp; <strong>06 10 85 84 90<\/strong>&nbsp; &nbsp; &nbsp; &nbsp; &nbsp; &nbsp;<\/p>\n\n\n<div class=\"wp-block-image\">\n<figure class=\"alignleft size-full is-resized\"><img loading=\"lazy\" decoding=\"async\" width=\"411\" height=\"249\" src=\"https:\/\/hautesalpes-athletisme.fr\/wp-content\/uploads\/2025\/02\/AG-EAC-1.jpg\" alt=\"\" class=\"wp-image-1990\" style=\"width:464px;height:auto\" srcset=\"https:\/\/hautesalpes-athletisme.fr\/wp-content\/uploads\/2025\/02\/AG-EAC-1.jpg 411w, https:\/\/hautesalpes-athletisme.fr\/wp-content\/uploads\/2025\/02\/AG-EAC-1-300x182.jpg 300w\" sizes=\"auto, (max-width: 411px) 100vw, 411px\" \/><figcaption class=\"wp-element-caption\">Photo de la derni\u00e8re Assembl\u00e9e G\u00e9n\u00e9rale, le<strong>3 f\u00e9vrier 2025<\/strong> &#8230; cot\u00e9 face<\/figcaption><\/figure>\n<\/div>\n\n<div class=\"wp-block-image\">\n<figure class=\"alignright size-full is-resized\"><img loading=\"lazy\" decoding=\"async\" width=\"266\" height=\"181\" src=\"https:\/\/hautesalpes-athletisme.fr\/wp-content\/uploads\/2025\/02\/AG-EAC-2.jpg\" alt=\"\" class=\"wp-image-1992\" style=\"width:467px;height:auto\"\/><figcaption class=\"wp-element-caption\">Cot\u00e9 pile<\/figcaption><\/figure>\n<\/div>\n\n\n<p><\/p>\n","protected":false},"excerpt":{"rendered":"<p>Contacts : Pr\u00e9sident : Emmanuelle CEARD\u00a0 T\u00e9l. : 06 10 85 84 90 email : &nbsp;athle.embrun@gmail.com Secr\u00e9taire : Corentin IDELON t\u00e9l. : 06 84 98 55 73, email : idelon.genea@gmail.com Tr\u00e9sori\u00e8re : Tchourila STRBA T\u00e9l. : 06 74 88 76 15, email : tchourila@gmail.com mail du club : athle.embrun@gmail.com Autres contacts : Bernard FAURE t\u00e9l. &hellip; <\/p>\n<p class=\"link-more\"><a href=\"https:\/\/hautesalpes-athletisme.fr\/?page_id=84\" class=\"more-link\">Continuer la lecture<span class=\"screen-reader-text\"> de &laquo;&nbsp;EMBRUNAIS ATHLETIC CLUB&nbsp;&raquo;<\/span><\/a><\/p>\n","protected":false},"author":1,"featured_media":0,"parent":0,"menu_order":0,"comment_status":"closed","ping_status":"closed","template":"","meta":{"footnotes":""},"class_list":["post-84","page","type-page","status-publish","hentry"],"_links":{"self":[{"href":"https:\/\/hautesalpes-athletisme.fr\/index.php?rest_route=\/wp\/v2\/pages\/84","targetHints":{"allow":["GET"]}}],"collection":[{"href":"https:\/\/hautesalpes-athletisme.fr\/index.php?rest_route=\/wp\/v2\/pages"}],"about":[{"href":"https:\/\/hautesalpes-athletisme.fr\/index.php?rest_route=\/wp\/v2\/types\/page"}],"author":[{"embeddable":true,"href":"https:\/\/hautesalpes-athletisme.fr\/index.php?rest_route=\/wp\/v2\/users\/1"}],"replies":[{"embeddable":true,"href":"https:\/\/hautesalpes-athletisme.fr\/index.php?rest_route=%2Fwp%2Fv2%2Fcomments&post=84"}],"version-history":[{"count":14,"href":"https:\/\/hautesalpes-athletisme.fr\/index.php?rest_route=\/wp\/v2\/pages\/84\/revisions"}],"predecessor-version":[{"id":1994,"href":"https:\/\/hautesalpes-athletisme.fr\/index.php?rest_route=\/wp\/v2\/pages\/84\/revisions\/1994"}],"wp:attachment":[{"href":"https:\/\/hautesalpes-athletisme.fr\/index.php?rest_route=%2Fwp%2Fv2%2Fmedia&parent=84"}],"curies":[{"name":"wp","href":"https:\/\/api.w.org\/{rel}","templated":true}]}}